 2cb3ae - -5?
2cb3b3
In base 6, what is -34 - 100414?
-100452
In base 6, what is -10454 - -522?
-5532
In base 2, what is -10010101000001 - -1010?
-10010100110111
In base 10, what is -7451 - -5?
-7446
In base 4, what is -2 + 1212303?
1212301
In base 11, what is 3414 - -102?
3516
In base 3, what is 2 + -211100200?
-211100121
In base 10, what is 56465 + 17?
56482
In base 14, what is -44 - 48a?
-4d0
In base 15, what is 8211 + -2a?
81d6
In base 2, what is 10 + -10000010110101?
-10000010110011
In base 8, what is 2 - -16010?
16012
In base 11, what is 6889 + -a?
687a
In base 2, what is -100001010101111100001110 + -10?
-100001010101111100010000
In base 2, what is -10 + 100100111000?
100100110110
In base 15, what is 282 + 8e7?
b79
In base 10, what is -379 + 67?
-312
In base 2, what is 100011100000011 - -100?
100011100000111
In base 11, what is 3053 + -19?
3035
In base 10, what is -2464 + -4?
-2468
In base 5, what is -223 - 423?
-1201
In base 3, what is -12212 - 100021020?
-100111002
In base 12, what is -98147 + -3?
-9814a
In base 14, what is 0 + -63016?
-63016
In base 10, what is -955 - -652?
-303
In base 15, what is -2d5 - -17a?
-15a
In base 2, what is 111011100000011101011 + -101?
111011100000011100110
In base 14, what is 1196a4 + c?
1196b2
In base 9, what is 0 + -125460?
-125460
In base 2, what is 1101001110101110001 + -10?
1101001110101101111
In base 4, what is 20110 + -300221?
-220111
In base 4, what is 30332312 + 3?
30332321
In base 4, what is 3 - 3100021?
-3100012
In base 13, what is -3 - 7b51?
-7b54
In base 13, what is 1c61 + -1?
1c60
In base 14, what is -9a516 - 4?
-9a51a
In base 15, what is -10 + 57d?
56d
In base 12, what is 96289 + 1?
9628a
In base 16, what is -954 + -6?
-95a
In base 7, what is -55 - -10430?
10342
In base 11, what is 4521 - -3?
4524
In base 11, what is 9152 + -7?
9146
In base 13, what is 159b1 - 5?
159a9
In base 12, what is 0 + -5492?
-5492
In base 14, what is -2b68 + 3?
-2b65
In base 7, what is -55260 - 3?
-55263
In base 6, what is -14451 - -105?
-14342
In base 4, what is 113 + -33221233?
-33221120
In base 11, what is 105 - -142?
247
In base 13, what is 1 + 2c199?
2c19a
In base 12, what is 29338 - 3?
29335
In base 13, what is 47a4 - 5?
479c
In base 13, what is 37c0 + -3?
37ba
In base 5, what is -2030 + -31?
-2111
In base 16, what is -85 - 348?
-3cd
In base 5, what is -130 - 3003211?
-3003341
In base 8, what is -7 - 243341?
-243350
In base 4, what is -10102 + 13132?
3030
In base 3, what is -111002122020 - 20?
-111002122110
In base 13, what is -3 - -c54?
c51
In base 7, what is 33136 + 0?
33136
In base 14, what is 32c5 - 0?
32c5
In base 5, what is 231041234 - 2?
231041232
In base 6, what is 1000 - 322?
234
In base 2, what is 11 - 101000001010101?
-101000001010010
In base 11, what is -2 - 12732?
-12734
In base 14, what is 83 - -11?
94
In base 6, what is 5425230 - -1?
5425231
In base 12, what is 4 + -543?
-53b
In base 6, what is -344351 - 2?
-344353
In base 10, what is 130 + 4376?
4506
In base 2, what is 0 - 11111000001110?
-11111000001110
In base 7, what is 5 - 26516?
-26511
In base 13, what is 1987 - 2?
1985
In base 5, what is -32440 + -2?
-32442
In base 9, what is -2 - -116783?
116781
In base 10, what is -22735 - 0?
-22735
In base 13, what is -3b58c2 + -2?
-3b58c4
In base 12, what is -72b1 - 6?
-72b7
In base 15, what is -c04 - -1?
-c03
In base 7, what is -104354 + 3?
-104351
In base 10, what is 2553 - 52?
2501
In base 8, what is -33 - -45511?
45456
In base 6, what is 21114 - -300?
21414
In base 14, what is -23b0 + 0?
-23b0
In base 4, what is -30321300 + 10?
-30321230
In base 5, what is 1432030 - -4?
1432034
In base 8, what is 0 - -466423?
466423
In base 8, what is 2 - 1475204?
-1475202
In base 10, what is -23 - 19604?
-19627
In base 7, what is -5 - -12312?
12304
In base 16, what is -1 + -1198d?
-1198e
In base 7, what is 1044 + 1564?
2641
In base 16, what is 2972 + 0?
2972
In base 15, what is -6 - 322?
-328
In base 14, what is -187d9 - -18?
-187c1
In base 8, what is 1742 - -4?
1746
In base 3, what is 202112 - 1021?
201021
In base 5, what is -43 + -4122141?
-4122234
In base 11, what is 2 + 6737?
6739
In base 13, what is -214 - -88?
-159
In base 12, what is -265 + 123?
-142
In base 14, what is 47 + -152?
-109
In base 4, what is -33010213 - 10?
-33010223
In base 15, what is 230 + -23?
20c
In base 7, what is -1 - 3340356?
-3340360
In base 16, what is 26ea4 + 1f?
26ec3
In base 16, what is -5 + 14db?
14d6
In base 15, what is 874 - -27?
89b
In base 16, what is -24bbe + 5?
-24bb9
In base 15, what is -779e + 4?
-779a
In base 16, what is -2 + -17ed?
-17ef
In base 10, what is -1770 - 5?
-1775
In base 9, what is -2 + -64727?
-64730
In base 7, what is -2446226 - 3?
-2446232
In base 16, what is 16 - 33dc?
-33c6
In base 5, what is -11 - -201324114?
201324103
In base 3, what is -1011 + 10111110?
10110022
In base 14, what is -c - -12624?
12616
In base 11, what is -4 + -40115?
-40119
In base 4, what is 1002 - -111202?
112210
In base 2, what is 100111111 - -11001?
101011000
In base 7, what is -1653 - -242?
-1411
In base 5, what is 4 + -1013400144?
-1013400140
In base 5, what is 2001411 - 1?
2001410
In base 12, what is -a + b727?
b719
In base 7, what is 131 - -22431?
22562
In base 9, what is 4 - 14874?
-14870
In base 10, what is -61 - 123329?
-123390
In base 10, what is -1 + -4421?
-4422
In base 14, what is -a14 - -7d?
-975
In base 9, what is -10 - 1076?
-1086
In base 5, what is 13114 + -140?
12424
In base 8, what is 3 + 51351?
51354
In base 15, what is -d93c + -12?
-d94e
In base 3, what is -10 - -12022222112?
12022222102
In base 12, what is -13178 - -32?
-13146
In base 4, what is 1211 + -12130?
-10313
In base 6, what is 55 + -4050?
-3551
In base 14, what is 1 - -13c5c2?
13c5c3
In base 2, what is -1000000111 - -11110?
-111101001
In base 16, what is 2d - 48b0?
-4883
In base 11, what is -43 - -53?
10
In base 9, what is -5385 - 3?
-5388
In base 11, what is -1 + 17a870?
17a86a
In base 6, what is 240 - 314?
-34
In base 9, what is 23 - 3413?
-3380
In base 13, what is c66 - 292?
9a4
In base 3, what is -222111 + 11210?
-210201
In base 15, what is -126b + -72?
-12dd
In base 6, what is -1 + -15420110?
-15420111
In base 9, what is -57 + 11367?
11310
In base 2, what is -10001011001 - 1111000?
-10011010001
In base 15, what is 4 + -bb71?
-bb6c
In base 9, what is 0 + -41244?
-41244
In base 2, what is -1001101 + 101100100?
100010111
In base 9, what is 2 - -34434?
34436
In base 14, what is 1 + -122c7?
-122c6
In base 6, what is 3 - 111503404?
-111503401
In base 15, what is 1373b + 40?
1377b
In base 7, what is 2566 + -11?
2555
In base 14, what is 86 - -135a?
1402
In base 9, what is -4 - 42368?
-42373
In base 16, what is 776 + 7d?
7f3
In base 15, what is a6 + 12e?
1d5
In base 16, what is 4bb + -21?
49a
In base 6, what is 44 + 12245?
12333
In base 15, what is 1654c + -2?
1654a
In base 4, what is 12 - -122320?
122332
In base 13, what is 2448b6 + -5?
2448b1
In base 15, what is -284e - -b?
-2843
In base 8, what is 302255 - -2?
302257
In base 3, what is 2010010222011 - 12?
2010010221222
In base 10, what is 16642 - 1?
16641
In base 2, what is 1001 + 11101010100000?
11101010101001
In base 4, what is -1222013321 - -10?
-1222013311
In base 2, what is 10011 - 10100101000110?
-10100100110011
In base 8, what is -1 - 1516715?
-1516716
In base 10, what is 5 + 370827?
370832
In base 14, what is -2 + -51a?
-51c
In base 12, what is 17b8 + -310?
14a8
In base 5, what is 1410 - -340410?
342320
In base 7, what is 12642 - 115?
12524
In base 12, what is -11a121 - 1?
-11a122
In base 3, what is -2 - 20102001021?
-20102001100
In base 15, what is -2ae - 1e?
-2cd
In base 12, what is -3977a + -1?
-3977b
In base 10, what is 5 + -21319?
-21314
In base 4, what is 330333023 + 3?
330333032
In base 8, what is 5 + -22577?
-22572
In base 11, what is 171 + 1888?
1a49
In base 3, what is -11010220211 + 10?
-11010220201
In base 9, what is 3081 + 13?
3104
In base 9, what is 2 + -102114?
-102112
In base 8, what is -1 - 5326?
-5327
In base 3, what is 10 - 211100202?
-211100122
In base 11, what is -298776 - 5?
-298780
In base 4, what is 122300 - 32?
122202
In base 14, what is 52 + 99?
10b
In base 2, what is 1 - 101000111001011111?
-101000111001011110
In base 11, what is -2 + -1a206?
-1a208
In base 16, what